 Suppose 0 = -5*f + 3*y + v, -28 - 21 = -a*f - 3*y. List the prime factors of f.
2, 5
Let m(f) = -f**2 - f + 28. Suppose 0 = -t - 0*t + 3. Suppose -7*d = -6*d - t*v + 6, 10 = d + 5*v. List the prime factors of m(d).
2, 7
Let b be ((-3)/3 + 3)/(-1). Let r be -10*(b + (-1)/(-1)). List the prime factors of r/5*(-50)/(-2).
2, 5
Suppose -7*q - 8 = -8*q - 5*g, -2*q + g = -5. Suppose 22 = q*m + 4. What are the prime factors of m?
2, 3
Let w(z) = -22*z**2 - 58 + 18 + 21*z**2 + 15*z. What are the prime factors of w(9)?
2, 7
Let g = 2 + -8. Let s be (-621)/g - (-2)/4. Suppose 5*j - 3*z = s, 5*z = -0*z + 10. What are the prime factors of j?
2, 11
Let z = -43 + 41. List the prime factors of ((-102)/(-18) - 4)/(z/(-222)).
5, 37
Suppose 4*o - 2*o - 2 = 0. Let a be o + 39 - (-6)/2. Suppose -108 = -5*z - a. List the prime factors of z.
13
Let j = -654 - -1056. What are the prime factors of j?
2, 3, 67
Let k(a) = 3*a**3 - 2*a**2 - 4*a + 36. Let p be k(5). Let w = p - 160. What are the prime factors of w?
181
Let b = -147 + 203. Suppose 560 - b = 2*p. What are the prime factors of p?
2, 3, 7
Let c be (-1 + 20)/(2/8). Let o(t) = t**3 + 3*t**2 - 7*t - 9. Let w be o(-4). Suppose -4*d + 3*y + 1 = -c, -55 = -w*d + 5*y. What are the prime factors of d?
2, 5
Let j be (10/6)/5*3. Let l be 5/5*(-4 - j). Let z(h) = -3*h + 16. What are the prime factors of z(l)?
31
Let h = 15 + -8. Let g be 48/56*3*h. Suppose 4*t - 122 = g. List the prime factors of t.
5, 7
Suppose 0 = 4*v - 19 + 7. Suppose -v*h = -2*h - 71. List the prime factors of h.
71
Let k(u) = 3*u + 10. Let t be (1 - 19) + -6 + 7. Let x(p) = -p - 10. Let i be x(t). What are the prime factors of k(i)?
31
Suppose 0 = 9*z + 66 - 984. Suppose 2*h - 16 = -5*g, 5*h - z = 7*g - 4*g. List the prime factors of h.
2, 3
Suppose -5*d = -0*d - 80. Suppose -a + 9 = -d. Let z = a + -7. List the prime factors of z.
2, 3
Suppose -13*j + 14*j - 1767 = 0. List the prime factors of j.
3, 19, 31
Suppose -11*r = -9*r - 302. Let f = r + -61. List the prime factors of f.
2, 3, 5
Suppose 5*c = -2*d + 17, -16 = d - 3*d - 4*c. Suppose 850 = d*y - y. What are the prime factors of y?
2, 5, 17
Let p(f) = -f**2 - 9*f + 20. Let a be p(-10). Suppose a*k - 15*k = -555. List the prime factors of k.
3, 37
Suppose -8*c + 12 = -5*c. Suppose -3*s - c*t = 31, 14 = -2*s - 3*t - 8. Let w(b) = -5*b - 4. What are the prime factors of w(s)?
3, 7
Let v be (-10 + 11)/((-2)/(-38)). Suppose 27 - v = 2*a. Suppose 0 = -f + a + 48. List the prime factors of f.
2, 13
Let m(k) = 15*k**2 - 22*k - 100. List the prime factors of m(-7).
3, 263
List the prime factors of 3/(-10) - ((-74958)/60 + 6).
11, 113
Let g(t) be the third derivative of 0*t - 2*t**2 + 0 - 1/12*t**5 - 5/12*t**4 + 3/2*t**3 + 1/120*t**6. What are the prime factors of g(7)?
37
Suppose -52*n + 70005 - 18317 = 0. What are the prime factors of n?
2, 7, 71
Let c(p) = -p**2 + 47*p + 7. What are the prime factors of c(37)?
13, 29
Let u(y) be the first derivative of -y**4/4 + y**3/3 + y**2/2 - y + 21. List the prime factors of u(-3).
2
Suppose -59*c = -55*c + 5*n - 763, -n = -4*c + 745. List the prime factors of c.
11, 17
Let c = -70 + 99. Suppose c = g - 13. What are the prime factors of g?
2, 3, 7
Suppose 7*c = 312 + 549. What are the prime factors of c?
3, 41
Suppose -3*r = n - 41, -2 = -3*n - 3*r + 115. Let h(k) = -4*k - 228. Let u be h(-53). Let m = u + n. What are the prime factors of m?
2, 11
Let d = -2 + 3. Let w = -5 + 22. List the prime factors of w - (d - (1 - 2)).
3, 5
Let n = 831 + -143. List the prime factors of n.
2, 43
Let o = 16 + -20. Let i = 1 - o. Suppose l + 3*l = -i*f + 170, 0 = -2*l - 10. List the prime factors of f.
2, 19
Suppose 0 = 5*u - 13 + 3. Suppose -308 = -2*j - j + 5*x, -5*j + 472 = 2*x. Suppose 2*d - j = -u*d. List the prime factors of d.
2, 3
Let j be 12*(14/(-4))/(-7). Suppose -h - 121 = -3*q, -j*q + 215 = -q - 5*h. Suppose 0 = 3*g - 0 - q. List the prime factors of g.
13
Suppose -3*s = -5*l - 122, 0*l - 98 = 4*l - 2*s. Let a = l - -95. List the prime factors of a.
2, 5, 7
Suppose -140 = 5*p - 2*t + 38, -5*t = -3*p - 122. Let r = -3 - p. What are the prime factors of r?
31
What are the prime factors of (4548/16)/(1816/224 + -8)?
7, 379
Suppose -42*p = 15265 - 53653. What are the prime factors of p?
2, 457
Suppose -2*i + 5*i + 6 = 0, 5*w - 13 = -i. Let k(u) = 4*u**2 - 2*u - 7. What are the prime factors of k(w)?
23
What are the prime factors of ((-5)/(-10))/(676/672 + -1)?
2, 3, 7
Let y = -28 + 41. Let p = 10 - y. Let l = 5 + p. What are the prime factors of l?
2
Suppose 33*m = m + 47296. What are the prime factors of m?
2, 739
Let u be 56/(-196) - ((-816)/(-7))/(-2). Suppose a - 3*a + u = 0. List the prime factors of a.
29
Let q(s) = s**2 - s + 7. Let w(j) = -2*j**2 + j - 13. Let o(r) = -11*q(r) - 6*w(r). Let z be o(-4). Let n = z + 40. What are the prime factors of n?
37
Suppose 0 = -5*o + 3*u - 234, -7*u + 184 = -4*o - 3*u. Let x = 125 + o. List the prime factors of x.
7, 11
Let o(m) = 28*m - 2. Suppose 2*s + 2*f - 12 = 0, -4*f + 10 = s - f. List the prime factors of o(s).
2, 5, 11
Suppose -141*t - 7047 = -150*t. List the prime factors of t.
3, 29
Suppose 0 = 3*q - 5*q - 2*c + 2122, 5*q - 5305 = -c. List the prime factors of q.
1061
List the prime factors of 8/16*-38*(-240 - 2).
2, 11, 19
Let q(c) = -4*c**2 - c + 2. Let l be q(2). Let x = l + 81. What are the prime factors of x?
5, 13
Let q = 75 - 75. Suppose 5*z = z + 8. Let f = q + z. What are the prime factors of f?
2
Let z(b) = -b**3 + 5*b**2 - 2*b - 4. Let r be z(4). What are the prime factors of (-220)/(-15)*18/r?
2, 3, 11
Suppose 0 = b + 4*b - 2*i + 35, -2*i = 4*b + 28. Let s be (2/5)/(b/(-35)). Suppose -20 = -0*c - s*c + 2*w, 0 = -4*c - 5*w + 58. What are the prime factors of c?
2, 3
Let v = 3310 - 1980. List the prime factors of v.
2, 5, 7, 19
Suppose 5*d + 421 = 4*r - 1450, r = -2*d + 471. What are the prime factors of r?
7, 67
Let n = 8 - 6. Suppose n*g = 16 - 8. What are the prime factors of g/(-8)*-4 - -39?
41
Suppose 38*z - 129*z + 257712 = 0. What are the prime factors of z?
2, 3, 59
Suppose 52*w + 670 = 57*w. Suppose 0 = -4*f + 16, 5*u + 5*f = 36 + w. What are the prime factors of u?
2, 3, 5
Let s = 1215 + -829. List the prime factors of s.
2, 193
Let x(m) be the second derivative of m**4/12 - 3*m**2/2 + 3*m. Suppose 21*u + 15 = 16*u. What are the prime factors of x(u)?
2, 3
What are the prime factors of (-232)/(-8) - (1 - 3)?
31
Let l(t) = 4*t + 34. Let s be l(-5). Suppose -s = -2*j - 2*p, -1 = -3*p + 2. What are the prime factors of j?
2, 3
Suppose 2*u - 673 - 516 = -5*j, 0 = 2*j + 5*u - 463. What are the prime factors of j?
239
Let c = 636 - 118. List the prime factors of (-86)/(-129) - (-1 + c/(-6)).
2, 11
Suppose 5*h + 4*f + 152 = 0, 5*h + f + 143 = -0*f. List the prime factors of (288/h)/((-2)/14).
2, 3
Let m(n) = -3*n**3 + 5*n**2 + 11*n + 30. What are the prime factors of m(-6)?
2, 3, 11
Suppose 30*k - 26*k - 3*a = 5840, 2*k + 3*a - 2902 = 0. List the prime factors of k.
31, 47
Let t(n) = -141*n + 11. Let k be t(-7). What are the prime factors of (k/7)/2 - 8/28?
71
What are the prime factors of ((-988)/39)/(((-2)/63)/1)?
2, 3, 7, 19
Let z = 18 - 28. Let w(i) = -9*i - 22. What are the prime factors of w(z)?
2, 17
Let x(k) = -4*k + 25. Let m be x(-14). What are the prime factors of (-1 - -6)/(1 + m/(-84))?
2, 5, 7
List the prime factors of (1 - 25)*24/(-16).
2, 3
Suppose -2*j = 3*k - 4025 - 4190, -5*k = 5*j - 13700. List the prime factors of k.
5, 547
Let g = 218 + -203. Let c = 41 - 23. Let p = c - g. List the prime factors of p.
3
Let w(h) = 18*h**2 + 18*h - 48. List the prime factors of w(14).
2, 3, 311
Suppose 6*l - 7*l - 4 = 0, -t + 35 = -5*l. Suppose 543 = 2*z - 3*v, 5 + t = -4*v. What are the prime factors of z?
2, 3, 11
Let l(v) = -7*v**2 - 2*v - 8. Let a be l(-4). Let k be (-3)/(-7) + (-6000)/a. Suppose -4*s = -k - 226. List the prime factors of s.
2, 5, 7
Let h = 1233 - 636. List the prime factors of h.
3, 199
Suppose 0*b + 10 = 5*b. Let i(g) = g**b + 8 - 1 - 2 - 4*g. What are the prime factors of i(7)?
2, 13
What are the prime factors of ((-1718)/4)/((18/4)/(-9))?
859
Suppose -18 = -4*u + 5*n, 4*u - 11 = 4*n + 5. Suppose -u*b - 3 = -b. Let a(o) = -6*o - 2. List the prime factors of a(b).
2